{"id":117,"date":"2019-02-20T14:08:30","date_gmt":"2019-02-20T14:08:30","guid":{"rendered":"http:\/\/grupavertico.pl\/?page_id=117"},"modified":"2023-12-04T18:54:29","modified_gmt":"2023-12-04T18:54:29","slug":"rzeczoznawca-2","status":"publish","type":"page","link":"https:\/\/grupavertico.pl\/?page_id=117","title":{"rendered":"Us\u0142ugi rzeczoznawcze"},"content":{"rendered":"\t\t<div data-elementor-type=\"wp-post\" data-elementor-id=\"117\" class=\"elementor elementor-117\">\n\t\t\t\t\t\t<section class=\"elementor-section elementor-top-section elementor-element elementor-element-a3eb7e4 elementor-section-boxed elementor-section-height-default elementor-section-height-default\" data-id=\"a3eb7e4\" data-element_type=\"section\" data-e-type=\"section\">\n\t\t\t\t\t\t<div class=\"elementor-container elementor-column-gap-default\">\n\t\t\t\t\t<div class=\"elementor-column elementor-col-100 elementor-top-column elementor-element elementor-element-e3aef60\" data-id=\"e3aef60\" data-element_type=\"column\" data-e-type=\"column\">\n\t\t\t<div class=\"elementor-widget-wrap elementor-element-populated\">\n\t\t\t\t\t\t<div class=\"elementor-element elementor-element-3fda7af elementor-widget elementor-widget-text-editor\" data-id=\"3fda7af\" data-element_type=\"widget\" data-e-type=\"widget\" data-widget_type=\"text-editor.default\">\n\t\t\t\t<div class=\"elementor-widget-container\">\n\t\t\t\t\t\t\t\t\t<p><span style=\"color: #000000;\">Odebra\u0142e\u015b got\u00f3wk\u0119 ? Nic straconego&#8230; Sprawd\u017a czy ubezpieczyciel dobrze wyliczy\u0142 Twoj\u0105 szkod\u0119.<br \/><\/span><\/p>\t\t\t\t\t\t\t\t<\/div>\n\t\t\t\t<\/div>\n\t\t\t\t\t<\/div>\n\t\t<\/div>\n\t\t\t\t\t<\/div>\n\t\t<\/section>\n\t\t\t\t<section class=\"elementor-section elementor-top-section elementor-element elementor-element-0cad968 elementor-section-boxed elementor-section-height-default elementor-section-height-default\" data-id=\"0cad968\" data-element_type=\"section\" data-e-type=\"section\">\n\t\t\t\t\t\t<div class=\"elementor-container elementor-column-gap-default\">\n\t\t\t\t\t<div class=\"elementor-column elementor-col-100 elementor-top-column elementor-element elementor-element-4530ab3\" data-id=\"4530ab3\" data-element_type=\"column\" data-e-type=\"column\">\n\t\t\t<div class=\"elementor-widget-wrap elementor-element-populated\">\n\t\t\t\t\t\t<div class=\"elementor-element elementor-element-145d58b elementor-widget elementor-widget-wp-widget-nav_menu\" data-id=\"145d58b\" data-element_type=\"widget\" data-e-type=\"widget\" data-widget_type=\"wp-widget-nav_menu.default\">\n\t\t\t\t<div class=\"elementor-widget-container\">\n\t\t\t\t\t<div class=\"menu-ur-container\"><ul id=\"menu-ur\" class=\"menu\"><li id=\"menu-item-226\" class=\"menu-item menu-item-type-post_type menu-item-object-page menu-item-226\"><a href=\"https:\/\/grupavertico.pl\/?page_id=119\">Kosztorysowanie napraw w systemie DAT i Audatex<\/a><\/li>\n<li id=\"menu-item-227\" class=\"menu-item menu-item-type-post_type menu-item-object-page menu-item-227\"><a href=\"https:\/\/grupavertico.pl\/?page_id=120\">Wycena wartosci i pozosta\u0142o\u015bci pojazd\u00f3w<\/a><\/li>\n<li id=\"menu-item-228\" class=\"menu-item menu-item-type-post_type menu-item-object-page menu-item-228\"><a href=\"https:\/\/grupavertico.pl\/?page_id=121\">Ubytek warto\u015bci handlowej pojazd\u00f3w po kolizji<\/a><\/li>\n<li id=\"menu-item-229\" class=\"menu-item menu-item-type-post_type menu-item-object-page menu-item-229\"><a href=\"https:\/\/grupavertico.pl\/?page_id=122\">Oceny techniczne<\/a><\/li>\n<\/ul><\/div>\t\t\t\t<\/div>\n\t\t\t\t<\/div>\n\t\t\t\t\t<\/div>\n\t\t<\/div>\n\t\t\t\t\t<\/div>\n\t\t<\/section>\n\t\t\t\t<\/div>\n\t\t","protected":false},"excerpt":{"rendered":"<p>Odebra\u0142e\u015b got\u00f3wk\u0119 ? Nic straconego&#8230; Sprawd\u017a czy ubezpieczyciel dobrze wyliczy\u0142 Twoj\u0105 szkod\u0119.<\/p>\n","protected":false},"author":1,"featured_media":709,"parent":0,"menu_order":3,"comment_status":"closed","ping_status":"closed","template":"","meta":{"footnotes":""},"class_list":["post-117","page","type-page","status-publish","has-post-thumbnail","hentry"],"aioseo_notices":[],"_links":{"self":[{"href":"https:\/\/grupavertico.pl\/index.php?rest_route=\/wp\/v2\/pages\/117"}],"collection":[{"href":"https:\/\/grupavertico.pl\/index.php?rest_route=\/wp\/v2\/pages"}],"about":[{"href":"https:\/\/grupavertico.pl\/index.php?rest_route=\/wp\/v2\/types\/page"}],"author":[{"embeddable":true,"href":"https:\/\/grupavertico.pl\/index.php?rest_route=\/wp\/v2\/users\/1"}],"replies":[{"embeddable":true,"href":"https:\/\/grupavertico.pl\/index.php?rest_route=%2Fwp%2Fv2%2Fcomments&post=117"}],"version-history":[{"count":12,"href":"https:\/\/grupavertico.pl\/index.php?rest_route=\/wp\/v2\/pages\/117\/revisions"}],"predecessor-version":[{"id":704,"href":"https:\/\/grupavertico.pl\/index.php?rest_route=\/wp\/v2\/pages\/117\/revisions\/704"}],"wp:featuredmedia":[{"embeddable":true,"href":"https:\/\/grupavertico.pl\/index.php?rest_route=\/wp\/v2\/media\/709"}],"wp:attachment":[{"href":"https:\/\/grupavertico.pl\/index.php?rest_route=%2Fwp%2Fv2%2Fmedia&parent=117"}],"curies":[{"name":"wp","href":"https:\/\/api.w.org\/{rel}","templated":true}]}}