{"id":116,"date":"2019-02-20T14:08:30","date_gmt":"2019-02-20T14:08:30","guid":{"rendered":"http:\/\/grupavertico.pl\/?page_id=116"},"modified":"2023-12-04T17:53:07","modified_gmt":"2023-12-04T17:53:07","slug":"odszkodowania","status":"publish","type":"page","link":"https:\/\/grupavertico.pl\/?page_id=116","title":{"rendered":"Kontakt"},"content":{"rendered":"\t\t<div data-elementor-type=\"wp-post\" data-elementor-id=\"116\" class=\"elementor elementor-116\">\n\t\t\t\t\t\t<section class=\"elementor-section elementor-top-section elementor-element elementor-element-45e9683 elementor-section-boxed elementor-section-height-default elementor-section-height-default\" data-id=\"45e9683\" data-element_type=\"section\" data-e-type=\"section\">\n\t\t\t\t\t\t<div class=\"elementor-container elementor-column-gap-default\">\n\t\t\t\t\t<div class=\"elementor-column elementor-col-100 elementor-top-column elementor-element elementor-element-ed1f04f\" data-id=\"ed1f04f\" data-element_type=\"column\" data-e-type=\"column\">\n\t\t\t<div class=\"elementor-widget-wrap elementor-element-populated\">\n\t\t\t\t\t\t<div class=\"elementor-element elementor-element-eff62be elementor-widget elementor-widget-image\" data-id=\"eff62be\" data-element_type=\"widget\" data-e-type=\"widget\" data-widget_type=\"image.default\">\n\t\t\t\t<div class=\"elementor-widget-container\">\n\t\t\t\t\t\t\t\t\t\t\t\t\t\t\t<img decoding=\"async\" width=\"150\" height=\"150\" data-src=\"https:\/\/grupavertico.pl\/wp-content\/uploads\/2019\/03\/vertico3-150x150.jpg\" class=\"attachment-thumbnail size-thumbnail wp-image-424 lazyload\" alt=\"\" src=\"data:image\/svg+xml;base64,PHN2ZyB3aWR0aD0iMSIgaGVpZ2h0PSIxIiB4bWxucz0iaHR0cDovL3d3dy53My5vcmcvMjAwMC9zdmciPjwvc3ZnPg==\" style=\"--smush-placeholder-width: 150px; --smush-placeholder-aspect-ratio: 150\/150;\" \/>\t\t\t\t\t\t\t\t\t\t\t\t\t\t\t<\/div>\n\t\t\t\t<\/div>\n\t\t\t\t<div class=\"elementor-element elementor-element-14320d7 elementor-widget elementor-widget-text-editor\" data-id=\"14320d7\" data-element_type=\"widget\" data-e-type=\"widget\" data-widget_type=\"text-editor.default\">\n\t\t\t\t<div class=\"elementor-widget-container\">\n\t\t\t\t\t\t\t\t\t<p style=\"text-align: center;\"><span style=\"color: #000000;\">Serwis czynny od poniedzia\u0142ku do pi\u0105tku w godzinach 8.00 do 16.00&nbsp;<\/span><\/p>\n<p style=\"text-align: center;\"><span style=\"color: #000000;\">Indywidualne terminy poza godzinami pracy do uzgodnienia.<\/span><\/p>\n<p style=\"text-align: center;\"><span style=\"color: #000000;\">Serwis &#8211; Blacharstwo Lakiernictwo : 696 926 026 \/ <span style=\"background-color: #ffffff;\"><a href=\"mailto:kontakt@grupavertico.pl\">kontakt@grupavertico.pl<\/a><\/span><\/span><\/p>\n<p style=\"text-align: center;\"><span style=\"color: #000000;\">Dochodzenie odszkodowa\u0144 \/ Dzia\u0142 Prawny: <a href=\"mailto:kontakt@grupavertico.pl\">kancelariavertico@gmail.com<\/a><\/span><\/p>\n<p style=\"text-align: center;\"><span style=\"color: #000000;\">Kalkulacje , wyceny szk\u00f3d, ogl\u0119dziny&nbsp; &#8211; Rzeczoznawcy samochodowi : 796 796 281&nbsp;<\/span><\/p>\n<p style=\"text-align: center;\"><span style=\"color: #000000;\">Serwis BMW i Mini : 606 953 335<\/span><\/p>\t\t\t\t\t\t\t\t<\/div>\n\t\t\t\t<\/div>\n\t\t\t\t\t<\/div>\n\t\t<\/div>\n\t\t\t\t\t<\/div>\n\t\t<\/section>\n\t\t\t\t<section class=\"elementor-section elementor-top-section elementor-element elementor-element-afd28dc elementor-section-boxed elementor-section-height-default elementor-section-height-default\" data-id=\"afd28dc\" data-element_type=\"section\" data-e-type=\"section\">\n\t\t\t\t\t\t<div class=\"elementor-container elementor-column-gap-default\">\n\t\t\t\t\t<div class=\"elementor-column elementor-col-100 elementor-top-column elementor-element elementor-element-fe8de5f\" data-id=\"fe8de5f\" data-element_type=\"column\" data-e-type=\"column\">\n\t\t\t<div class=\"elementor-widget-wrap elementor-element-populated\">\n\t\t\t\t\t\t<div class=\"elementor-element elementor-element-9fd7119 elementor-widget elementor-widget-text-editor\" data-id=\"9fd7119\" data-element_type=\"widget\" data-e-type=\"widget\" data-widget_type=\"text-editor.default\">\n\t\t\t\t<div class=\"elementor-widget-container\">\n\t\t\t\t\t\t\t\t\t<p style=\"text-align: center;\"><span style=\"color: #000000;\">Grupa Vertico<\/span><\/p><p style=\"text-align: center;\"><span style=\"color: #000000;\">ul. Pi\u0142sudskiego 23<\/span><\/p><p style=\"text-align: center;\"><span style=\"color: #000000;\">43-100 Tychy<\/span><\/p><p style=\"text-align: center;\"><span style=\"color: #000000;\">Obs\u0142uga Klienta :\u00a0 ( Budynek\u00a0 stacji diagnostycznej I pi\u0119tro )<\/span><\/p>\t\t\t\t\t\t\t\t<\/div>\n\t\t\t\t<\/div>\n\t\t\t\t\t<\/div>\n\t\t<\/div>\n\t\t\t\t\t<\/div>\n\t\t<\/section>\n\t\t\t\t<section class=\"elementor-section elementor-top-section elementor-element elementor-element-05e724a elementor-section-boxed elementor-section-height-default elementor-section-height-default\" data-id=\"05e724a\" data-element_type=\"section\" data-e-type=\"section\">\n\t\t\t\t\t\t<div class=\"elementor-container elementor-column-gap-default\">\n\t\t\t\t\t<div class=\"elementor-column elementor-col-100 elementor-top-column elementor-element elementor-element-e32dc74\" data-id=\"e32dc74\" data-element_type=\"column\" data-e-type=\"column\">\n\t\t\t<div class=\"elementor-widget-wrap elementor-element-populated\">\n\t\t\t\t\t\t<div class=\"elementor-element elementor-element-285fcb9 elementor-widget elementor-widget-text-editor\" data-id=\"285fcb9\" data-element_type=\"widget\" data-e-type=\"widget\" data-widget_type=\"text-editor.default\">\n\t\t\t\t<div class=\"elementor-widget-container\">\n\t\t\t\t\t\t\t\t\t<iframe data-src=\"https:\/\/www.google.com\/maps\/embed?pb=!1m18!1m12!1m3!1d4541.425132392447!2d19.01281131600883!3d50.100781782432115!2m3!1f0!2f0!3f0!3m2!1i1024!2i768!4f13.1!3m3!1m2!1s0x4716c816dc70926d%3A0x65539ac77da3ce8c!2sGrupa+Vertico!5e1!3m2!1spl!2spl!4v1553888907147!5m2!1spl!2spl\" width=\"800\" height=\"600\" frameborder=\"0\" style=\"border:0\" allowfullscreen src=\"data:image\/svg+xml;base64,PHN2ZyB3aWR0aD0iMSIgaGVpZ2h0PSIxIiB4bWxucz0iaHR0cDovL3d3dy53My5vcmcvMjAwMC9zdmciPjwvc3ZnPg==\" class=\"lazyload\" data-load-mode=\"1\"><\/iframe>\t\t\t\t\t\t\t\t<\/div>\n\t\t\t\t<\/div>\n\t\t\t\t\t<\/div>\n\t\t<\/div>\n\t\t\t\t\t<\/div>\n\t\t<\/section>\n\t\t\t\t<\/div>\n\t\t","protected":false},"excerpt":{"rendered":"<p>Serwis czynny od poniedzia\u0142ku do pi\u0105tku w godzinach 8.00 do 16.00&nbsp; Indywidualne terminy poza godzinami pracy do uzgodnienia. Serwis &#8211; Blacharstwo Lakiernictwo : 696 926 026 \/ kontakt@grupavertico.pl Dochodzenie odszkodowa\u0144 \/ Dzia\u0142 Prawny: kancelariavertico@gmail.com Kalkulacje , wyceny szk\u00f3d, ogl\u0119dziny&nbsp; &#8211; Rzeczoznawcy samochodowi : 796 796 281&nbsp; Serwis BMW i Mini : 606 953 335 Grupa [&hellip;]<\/p>\n","protected":false},"author":1,"featured_media":0,"parent":0,"menu_order":2,"comment_status":"closed","ping_status":"closed","template":"","meta":{"footnotes":""},"class_list":["post-116","page","type-page","status-publish","hentry"],"aioseo_notices":[],"_links":{"self":[{"href":"https:\/\/grupavertico.pl\/index.php?rest_route=\/wp\/v2\/pages\/116"}],"collection":[{"href":"https:\/\/grupavertico.pl\/index.php?rest_route=\/wp\/v2\/pages"}],"about":[{"href":"https:\/\/grupavertico.pl\/index.php?rest_route=\/wp\/v2\/types\/page"}],"author":[{"embeddable":true,"href":"https:\/\/grupavertico.pl\/index.php?rest_route=\/wp\/v2\/users\/1"}],"replies":[{"embeddable":true,"href":"https:\/\/grupavertico.pl\/index.php?rest_route=%2Fwp%2Fv2%2Fcomments&post=116"}],"version-history":[{"count":28,"href":"https:\/\/grupavertico.pl\/index.php?rest_route=\/wp\/v2\/pages\/116\/revisions"}],"predecessor-version":[{"id":693,"href":"https:\/\/grupavertico.pl\/index.php?rest_route=\/wp\/v2\/pages\/116\/revisions\/693"}],"wp:attachment":[{"href":"https:\/\/grupavertico.pl\/index.php?rest_route=%2Fwp%2Fv2%2Fmedia&parent=116"}],"curies":[{"name":"wp","href":"https:\/\/api.w.org\/{rel}","templated":true}]}}

<div data-elementor-type="wp-post" data-elementor-id="116" class="elementor elementor-116">
						<section class="elementor-section elementor-top-section elementor-element elementor-element-45e9683 elementor-section-boxed elementor-section-height-default elementor-section-height-default" data-id="45e9683" data-element_type="section" data-e-type="section">
						<div class="elementor-container elementor-column-gap-default">
					<div class="elementor-column elementor-col-100 elementor-top-column elementor-element elementor-element-ed1f04f" data-id="ed1f04f" data-element_type="column" data-e-type="column">
			<div class="elementor-widget-wrap elementor-element-populated">
						<div class="elementor-element elementor-element-eff62be elementor-widget elementor-widget-image" data-id="eff62be" data-element_type="widget" data-e-type="widget" data-widget_type="image.default">
				<div class="elementor-widget-container">
															<img decoding="async" width="150" height="150" data-src="https://grupavertico.pl/wp-content/uploads/2019/03/vertico3-150x150.jpg" class="attachment-thumbnail size-thumbnail wp-image-424 lazyload" alt="" src="data:image/svg+xml;base64,PHN2ZyB3aWR0aD0iMSIgaGVpZ2h0PSIxIiB4bWxucz0iaHR0cDovL3d3dy53My5vcmcvMjAwMC9zdmciPjwvc3ZnPg==" style="--smush-placeholder-width: 150px; --smush-placeholder-aspect-ratio: 150/150;" />															</div>
				</div>
				<div class="elementor-element elementor-element-14320d7 elementor-widget elementor-widget-text-editor" data-id="14320d7" data-element_type="widget" data-e-type="widget" data-widget_type="text-editor.default">
				<div class="elementor-widget-container">
									<p style="text-align: center;"><span style="color: #000000;">Serwis czynny od poniedziałku do piątku w godzinach 8.00 do 16.00&nbsp;</span></p>
<p style="text-align: center;"><span style="color: #000000;">Indywidualne terminy poza godzinami pracy do uzgodnienia.</span></p>
<p style="text-align: center;"><span style="color: #000000;">Serwis &#8211; Blacharstwo Lakiernictwo : 696 926 026 / <span style="background-color: #ffffff;"><a href="mailto:kontakt@grupavertico.pl">kontakt@grupavertico.pl</a></span></span></p>
<p style="text-align: center;"><span style="color: #000000;">Dochodzenie odszkodowań / Dział Prawny: <a href="mailto:kontakt@grupavertico.pl">kancelariavertico@gmail.com</a></span></p>
<p style="text-align: center;"><span style="color: #000000;">Kalkulacje , wyceny szkód, oględziny&nbsp; &#8211; Rzeczoznawcy samochodowi : 796 796 281&nbsp;</span></p>
<p style="text-align: center;"><span style="color: #000000;">Serwis BMW i Mini : 606 953 335</span></p>								</div>
				</div>
					</div>
		</div>
					</div>
		</section>
				<section class="elementor-section elementor-top-section elementor-element elementor-element-afd28dc elementor-section-boxed elementor-section-height-default elementor-section-height-default" data-id="afd28dc" data-element_type="section" data-e-type="section">
						<div class="elementor-container elementor-column-gap-default">
					<div class="elementor-column elementor-col-100 elementor-top-column elementor-element elementor-element-fe8de5f" data-id="fe8de5f" data-element_type="column" data-e-type="column">
			<div class="elementor-widget-wrap elementor-element-populated">
						<div class="elementor-element elementor-element-9fd7119 elementor-widget elementor-widget-text-editor" data-id="9fd7119" data-element_type="widget" data-e-type="widget" data-widget_type="text-editor.default">
				<div class="elementor-widget-container">
									<p style="text-align: center;"><span style="color: #000000;">Grupa Vertico</span></p><p style="text-align: center;"><span style="color: #000000;">ul. Piłsudskiego 23</span></p><p style="text-align: center;"><span style="color: #000000;">43-100 Tychy</span></p><p style="text-align: center;"><span style="color: #000000;">Obsługa Klienta :  ( Budynek  stacji diagnostycznej I piętro )</span></p>								</div>
				</div>
					</div>
		</div>
					</div>
		</section>
				<section class="elementor-section elementor-top-section elementor-element elementor-element-05e724a elementor-section-boxed elementor-section-height-default elementor-section-height-default" data-id="05e724a" data-element_type="section" data-e-type="section">
						<div class="elementor-container elementor-column-gap-default">
					<div class="elementor-column elementor-col-100 elementor-top-column elementor-element elementor-element-e32dc74" data-id="e32dc74" data-element_type="column" data-e-type="column">
			<div class="elementor-widget-wrap elementor-element-populated">
						<div class="elementor-element elementor-element-285fcb9 elementor-widget elementor-widget-text-editor" data-id="285fcb9" data-element_type="widget" data-e-type="widget" data-widget_type="text-editor.default">
				<div class="elementor-widget-container">
									<iframe data-src="https://www.google.com/maps/embed?pb=!1m18!1m12!1m3!1d4541.425132392447!2d19.01281131600883!3d50.100781782432115!2m3!1f0!2f0!3f0!3m2!1i1024!2i768!4f13.1!3m3!1m2!1s0x4716c816dc70926d%3A0x65539ac77da3ce8c!2sGrupa+Vertico!5e1!3m2!1spl!2spl!4v1553888907147!5m2!1spl!2spl" width="800" height="600" frameborder="0" style="border:0" allowfullscreen src="data:image/svg+xml;base64,PHN2ZyB3aWR0aD0iMSIgaGVpZ2h0PSIxIiB4bWxucz0iaHR0cDovL3d3dy53My5vcmcvMjAwMC9zdmciPjwvc3ZnPg==" class="lazyload" data-load-mode="1"></iframe>								</div>
				</div>
					</div>
		</div>
					</div>
		</section>
				</div>

<p>Serwis czynny od poniedziałku do piątku w godzinach 8.00 do 16.00&nbsp; Indywidualne terminy poza godzinami pracy do uzgodnienia. Serwis &#8211; Blacharstwo Lakiernictwo : 696 926 026 / kontakt@grupavertico.pl Dochodzenie odszkodowań / Dział Prawny: kancelariavertico@gmail.com Kalkulacje , wyceny szkód, oględziny&nbsp; &#8211; Rzeczoznawcy samochodowi : 796 796 281&nbsp; Serwis BMW i Mini : 606 953 335 Grupa [&hellip;]</p>
